{"id":27,"date":"2020-07-30T16:34:11","date_gmt":"2020-07-30T16:34:11","guid":{"rendered":"http:\/\/www.lecker-kochtopf.de\/?page_id=27"},"modified":"2020-10-24T11:52:23","modified_gmt":"2020-10-24T09:52:23","slug":"qualitat-und-service","status":"publish","type":"page","link":"https:\/\/www.lecker-kochtopf.de\/index.php\/qualitat-und-service\/","title":{"rendered":"Qualit\u00e4t und Service"},"content":{"rendered":"\n<p class=\"has-medium-font-size\">Frische bedeutet Qualit\u00e4t\u2026das pr\u00e4gt unser Unternehmen.<\/p>\n\n\n\n<p>Bei unseren Men\u00fcs werden nur frische Zutaten verwendet. S\u00e4mtliche Men\u00fcs werden t\u00e4glich frisch zubereitet! Eine Ausnahme ist das Sonderkost-Men\u00fc, das sogenannte Allergiker Men\u00fc. Dieses Men\u00fc wird von den anderen Men\u00fcs getrennt hergestellt, damit keine Vermischung mit anderen Inhaltsstoffen gew\u00e4hrleistet ist. Danach werden die Men\u00fcs geschockfrostet und k\u00f6nnen somit gezielt an bestimmten Tagen eingesetzt werden. Selbstverst\u00e4ndlich werden diese Men\u00fcs am Ausliefertag warm ausgeliefert. <\/p>\n\n\n\n<p>Die Men\u00fcs sind jahreszeitlich abgestimmt.<\/p>\n\n\n\n<p>Viele Produkte werden selbst hergestellt. Dabei kann an\nvielen Stellen auf Geschmacksverst\u00e4rker und Konservierungsstoffe verzichtet\nwerden. Das ist gesund uns so schmeckt es einfach am besten!<\/p>\n\n\n\n<p>Wir liefern Ihr bestelltes Men\u00fc tellerfertig direkt zu\nIhnen. Unsere stets freundlichen und kompetenten Zusteller-\/innen sind Ihnen\nbeim \u00d6ffnen der Men\u00fcs gerne behilflich. Auch haben wir immer ein \u201eoffenes Ohr\u201c\nf\u00fcr Ihre W\u00fcnsche und k\u00f6nnen so besser auf Ihre Bed\u00fcrfnisse eingehen.<\/p>\n\n\n\n<p>Sie k\u00f6nnen sich darauf verlassen, dass Ihr Men\u00fc stets in\neiner Warmhaltebox angeliefert wird, damit es evt. noch stundenlang warm bleiben\nkann (falls Sie mal sp\u00e4ter essen wollen).<\/p>\n","protected":false},"excerpt":{"rendered":"<p>Frische bedeutet Qualit\u00e4t\u2026das pr\u00e4gt unser Unternehmen. Bei unseren Men\u00fcs werden nur frische Zutaten verwendet. S\u00e4mtliche Men\u00fcs werden t\u00e4glich frisch zubereitet! Eine Ausnahme ist das Sonderkost-Men\u00fc, das sogenannte Allergiker Men\u00fc. Dieses Men\u00fc wird von den anderen Men\u00fcs getrennt hergestellt, damit keine Vermischung mit anderen Inhaltsstoffen gew\u00e4hrleistet ist. Danach werden die Men\u00fcs geschockfrostet und k\u00f6nnen somit gezielt&#8230;<\/p>\n","protected":false},"author":1,"featured_media":0,"parent":0,"menu_order":0,"comment_status":"closed","ping_status":"closed","template":"","meta":[],"yoast_head":"<!-- This site is optimized with the Yoast SEO plugin v18.4.1 - https:\/\/yoast.com\/wordpress\/plugins\/seo\/ -->\n<title>Qualit\u00e4t und Service - Der Leckere Kochtopf<\/title>\n<meta name=\"robots\" content=\"index, follow, max-snippet:-1, max-image-preview:large, max-video-preview:-1\" \/>\n<link rel=\"canonical\" href=\"https:\/\/www.lecker-kochtopf.de\/index.php\/qualitat-und-service\/\" \/>\n<meta property=\"og:locale\" content=\"de_DE\" \/>\n<meta property=\"og:type\" content=\"article\" \/>\n<meta property=\"og:title\" content=\"Qualit\u00e4t und Service - Der Leckere Kochtopf\" \/>\n<meta property=\"og:description\" content=\"Frische bedeutet Qualit\u00e4t\u2026das pr\u00e4gt unser Unternehmen. Bei unseren Men\u00fcs werden nur frische Zutaten verwendet. S\u00e4mtliche Men\u00fcs werden t\u00e4glich frisch zubereitet! Eine Ausnahme ist das Sonderkost-Men\u00fc, das sogenannte Allergiker Men\u00fc. Dieses Men\u00fc wird von den anderen Men\u00fcs getrennt hergestellt, damit keine Vermischung mit anderen Inhaltsstoffen gew\u00e4hrleistet ist. Danach werden die Men\u00fcs geschockfrostet und k\u00f6nnen somit gezielt...\" \/>\n<meta property=\"og:url\" content=\"https:\/\/www.lecker-kochtopf.de\/index.php\/qualitat-und-service\/\" \/>\n<meta property=\"og:site_name\" content=\"Der Leckere Kochtopf\" \/>\n<meta property=\"article:modified_time\" content=\"2020-10-24T09:52:23+00:00\" \/>\n<meta name=\"twitter:card\" content=\"summary_large_image\" \/>\n<meta name=\"twitter:label1\" content=\"Gesch\u00e4tzte Lesezeit\" \/>\n\t<meta name=\"twitter:data1\" content=\"1\u00a0Minute\" \/>\n<script type=\"application\/ld+json\" class=\"yoast-schema-graph\">{\"@context\":\"https:\/\/schema.org\",\"@graph\":[{\"@type\":\"WebSite\",\"@id\":\"https:\/\/www.lecker-kochtopf.de\/#website\",\"url\":\"https:\/\/www.lecker-kochtopf.de\/\",\"name\":\"Der Leckere Kochtopf\",\"description\":\"T\u00e4glich frisch und warm\",\"potentialAction\":[{\"@type\":\"SearchAction\",\"target\":{\"@type\":\"EntryPoint\",\"urlTemplate\":\"https:\/\/www.lecker-kochtopf.de\/?s={search_term_string}\"},\"query-input\":\"required name=search_term_string\"}],\"inLanguage\":\"de\"},{\"@type\":\"WebPage\",\"@id\":\"https:\/\/www.lecker-kochtopf.de\/index.php\/qualitat-und-service\/#webpage\",\"url\":\"https:\/\/www.lecker-kochtopf.de\/index.php\/qualitat-und-service\/\",\"name\":\"Qualit\u00e4t und Service - Der Leckere Kochtopf\",\"isPartOf\":{\"@id\":\"https:\/\/www.lecker-kochtopf.de\/#website\"},\"datePublished\":\"2020-07-30T16:34:11+00:00\",\"dateModified\":\"2020-10-24T09:52:23+00:00\",\"breadcrumb\":{\"@id\":\"https:\/\/www.lecker-kochtopf.de\/index.php\/qualitat-und-service\/#breadcrumb\"},\"inLanguage\":\"de\",\"potentialAction\":[{\"@type\":\"ReadAction\",\"target\":[\"https:\/\/www.lecker-kochtopf.de\/index.php\/qualitat-und-service\/\"]}]},{\"@type\":\"BreadcrumbList\",\"@id\":\"https:\/\/www.lecker-kochtopf.de\/index.php\/qualitat-und-service\/#breadcrumb\",\"itemListElement\":[{\"@type\":\"ListItem\",\"position\":1,\"name\":\"Startseite\",\"item\":\"https:\/\/www.lecker-kochtopf.de\/\"},{\"@type\":\"ListItem\",\"position\":2,\"name\":\"Qualit\u00e4t und Service\"}]}]}<\/script>\n<!-- \/ Yoast SEO plugin. -->","yoast_head_json":{"title":"Qualit\u00e4t und Service - Der Leckere Kochtopf","robots":{"index":"index","follow":"follow","max-snippet":"max-snippet:-1","max-image-preview":"max-image-preview:large","max-video-preview":"max-video-preview:-1"},"canonical":"https:\/\/www.lecker-kochtopf.de\/index.php\/qualitat-und-service\/","og_locale":"de_DE","og_type":"article","og_title":"Qualit\u00e4t und Service - Der Leckere Kochtopf","og_description":"Frische bedeutet Qualit\u00e4t\u2026das pr\u00e4gt unser Unternehmen. Bei unseren Men\u00fcs werden nur frische Zutaten verwendet. S\u00e4mtliche Men\u00fcs werden t\u00e4glich frisch zubereitet! Eine Ausnahme ist das Sonderkost-Men\u00fc, das sogenannte Allergiker Men\u00fc. Dieses Men\u00fc wird von den anderen Men\u00fcs getrennt hergestellt, damit keine Vermischung mit anderen Inhaltsstoffen gew\u00e4hrleistet ist. Danach werden die Men\u00fcs geschockfrostet und k\u00f6nnen somit gezielt...","og_url":"https:\/\/www.lecker-kochtopf.de\/index.php\/qualitat-und-service\/","og_site_name":"Der Leckere Kochtopf","article_modified_time":"2020-10-24T09:52:23+00:00","twitter_card":"summary_large_image","twitter_misc":{"Gesch\u00e4tzte Lesezeit":"1\u00a0Minute"},"schema":{"@context":"https:\/\/schema.org","@graph":[{"@type":"WebSite","@id":"https:\/\/www.lecker-kochtopf.de\/#website","url":"https:\/\/www.lecker-kochtopf.de\/","name":"Der Leckere Kochtopf","description":"T\u00e4glich frisch und warm","potentialAction":[{"@type":"SearchAction","target":{"@type":"EntryPoint","urlTemplate":"https:\/\/www.lecker-kochtopf.de\/?s={search_term_string}"},"query-input":"required name=search_term_string"}],"inLanguage":"de"},{"@type":"WebPage","@id":"https:\/\/www.lecker-kochtopf.de\/index.php\/qualitat-und-service\/#webpage","url":"https:\/\/www.lecker-kochtopf.de\/index.php\/qualitat-und-service\/","name":"Qualit\u00e4t und Service - Der Leckere Kochtopf","isPartOf":{"@id":"https:\/\/www.lecker-kochtopf.de\/#website"},"datePublished":"2020-07-30T16:34:11+00:00","dateModified":"2020-10-24T09:52:23+00:00","breadcrumb":{"@id":"https:\/\/www.lecker-kochtopf.de\/index.php\/qualitat-und-service\/#breadcrumb"},"inLanguage":"de","potentialAction":[{"@type":"ReadAction","target":["https:\/\/www.lecker-kochtopf.de\/index.php\/qualitat-und-service\/"]}]},{"@type":"BreadcrumbList","@id":"https:\/\/www.lecker-kochtopf.de\/index.php\/qualitat-und-service\/#breadcrumb","itemListElement":[{"@type":"ListItem","position":1,"name":"Startseite","item":"https:\/\/www.lecker-kochtopf.de\/"},{"@type":"ListItem","position":2,"name":"Qualit\u00e4t und Service"}]}]}},"_links":{"self":[{"href":"https:\/\/www.lecker-kochtopf.de\/index.php\/wp-json\/wp\/v2\/pages\/27"}],"collection":[{"href":"https:\/\/www.lecker-kochtopf.de\/index.php\/wp-json\/wp\/v2\/pages"}],"about":[{"href":"https:\/\/www.lecker-kochtopf.de\/index.php\/wp-json\/wp\/v2\/types\/page"}],"author":[{"embeddable":true,"href":"https:\/\/www.lecker-kochtopf.de\/index.php\/wp-json\/wp\/v2\/users\/1"}],"replies":[{"embeddable":true,"href":"https:\/\/www.lecker-kochtopf.de\/index.php\/wp-json\/wp\/v2\/comments?post=27"}],"version-history":[{"count":4,"href":"https:\/\/www.lecker-kochtopf.de\/index.php\/wp-json\/wp\/v2\/pages\/27\/revisions"}],"predecessor-version":[{"id":211,"href":"https:\/\/www.lecker-kochtopf.de\/index.php\/wp-json\/wp\/v2\/pages\/27\/revisions\/211"}],"wp:attachment":[{"href":"https:\/\/www.lecker-kochtopf.de\/index.php\/wp-json\/wp\/v2\/media?parent=27"}],"curies":[{"name":"wp","href":"https:\/\/api.w.org\/{rel}","templated":true}]}}